{"id":179,"date":"2023-07-21T00:35:17","date_gmt":"2023-07-20T22:35:17","guid":{"rendered":"https:\/\/cqgclub.dyndns.org\/likyneko\/fontaine-a-eau-connectee-turkce\/"},"modified":"2023-09-03T12:09:25","modified_gmt":"2023-09-03T10:09:25","slug":"fontaine-a-eau-connectee-turkce","status":"publish","type":"page","link":"https:\/\/cqgclub.dyndns.org\/likyneko\/tr\/fontaine-a-eau-connectee-turkce\/","title":{"rendered":"Fontaine \u00e0 eau connect\u00e9e &#8211; T\u00fcrk\u00e7e"},"content":{"rendered":"\n\n\t\t\t\t<img loading=\"lazy\" decoding=\"async\" src=\"https:\/\/cqgclub.dyndns.org\/likyneko\/wp-content\/uploads\/2023\/07\/logo.LikyNeko.gray_.png\" alt=\"logo.LikyNeko.gray\" itemprop=\"image\" height=\"517\" width=\"579\" title=\"logo.LikyNeko.gray\" onerror=\"this.style.display='none'\"  \/>\n<h1>\n\t\tEvcil hayvanlar i\u00e7in <br \/>ba\u011flant\u0131l\u0131 su \u00e7e\u015fmesi\n\t<\/h1>\n<p class=\"product woocommerce add_to_cart_inline \" style=\"border:4px solid #ccc; padding: 12px;\"><span class=\"woocommerce-Price-amount amount\"><bdi>79.90<span class=\"woocommerce-Price-currencySymbol\">&euro;<\/span><\/bdi><\/span><a href=\"\/likyneko\/wp-json\/wp\/v2\/pages\/179?add-to-cart=170\" aria-describedby=\"woocommerce_loop_add_to_cart_link_describedby_170\" data-quantity=\"1\" class=\"button product_type_simple add_to_cart_button ajax_add_to_cart\" data-product_id=\"170\" data-product_sku=\"FONT-C1-LK\" aria-label=\"Ajouter au panier\u00a0: &ldquo;Fontaine \u00e0 eau connect\u00e9e pour animaux de compagnie&rdquo;\" rel=\"nofollow\" data-success_message=\"\u00ab\u00a0Fontaine \u00e0 eau connect\u00e9e pour animaux de compagnie\u00a0\u00bb a \u00e9t\u00e9 ajout\u00e9 \u00e0 votre panier\" role=\"button\">Ajouter au panier<\/a>\t<span id=\"woocommerce_loop_add_to_cart_link_describedby_170\" class=\"screen-reader-text\">\n\t\t\t<\/span>\n<\/p>\n\t<p>\u00dccretsiz kargo<\/p>\n\t<p>K\u00f6pekleriniz, kedileriniz ve yavru kedileriniz i\u00e7in ideal \u00e7e\u015fme.<\/p>\n<p>Ayn\u0131 zamanda f\u0131retler, kemirgenler ve ku\u015flar i\u00e7in de harika.<\/p>\n\t\t\t\t<img loading=\"lazy\" decoding=\"async\" src=\"https:\/\/cqgclub.dyndns.org\/likyneko\/wp-content\/uploads\/2023\/07\/3-1-1024x1024.png\" alt=\"3\" itemprop=\"image\" height=\"1024\" width=\"1024\" title=\"3\" onerror=\"this.style.display='none'\"  \/>\n\t\t\t\t<img loading=\"lazy\" decoding=\"async\" src=\"https:\/\/cqgclub.dyndns.org\/likyneko\/wp-content\/uploads\/2023\/07\/Sans-titre-2_Plan-de-travail-1-copie-2-1-1024x1022.png\" alt=\"Illustration pour les animaux en bonne sant\u00e9\" itemprop=\"image\" height=\"1022\" width=\"1024\" title=\"Fontaine \u00e0 eau pour inciter \u00e0 s'hydrater\" onerror=\"this.style.display='none'\"  \/>\n<h2>\n\t\tSa\u011fl\u0131kl\u0131 hayvanlar\n\t<\/h2>\n\tSindirim, b\u00f6brek sa\u011fl\u0131\u011f\u0131, v\u00fccut s\u0131cakl\u0131\u011f\u0131 d\u00fczenlemesi, vb.Su hareketi dikkat \u00e7eker ve i\u00e7meye te\u015fvik eder<br \/>\nAk\u0131\u015fkan su do\u011fal hidrasyon davran\u0131\u015f\u0131n\u0131 te\u015fvik eder\n<h2>\n\t\tB\u00fcy\u00fck kapasite, 4 litre\n\t<\/h2>\n\tDaha az s\u0131k dolum<br \/>\nDaha iyi \u00f6zerklik\n\t\t\t\t<img loading=\"lazy\" decoding=\"async\" src=\"https:\/\/cqgclub.dyndns.org\/likyneko\/wp-content\/uploads\/2023\/07\/dog.png\" alt=\"dog\" itemprop=\"image\" height=\"1746\" width=\"1746\" title=\"dog\" onerror=\"this.style.display='none'\"  \/>\n\t\t\t\t<img loading=\"lazy\" decoding=\"async\" src=\"https:\/\/cqgclub.dyndns.org\/likyneko\/wp-content\/uploads\/2023\/06\/vue-filtre-eclate-1.png\" alt=\"vue-filtre-eclate\" itemprop=\"image\" height=\"1352\" width=\"927\" title=\"vue-filtre-eclate\" onerror=\"this.style.display='none'\"  \/>\n<h2>\n\t\tFiltreleme sistemi\n\t<\/h2>\n<h3>\n\t\tToz filtresi\n\t<\/h3>\n\t<p>G\u0131da art\u0131klar\u0131n\u0131, t\u00fcyleri ve tozu yakalar<\/p>\n<h3>\n\t\tSu yumu\u015fat\u0131c\u0131\n\t<\/h3>\n\t<p>\u0130yon de\u011fi\u015fim re\u00e7inesi ile<\/p>\n<h3>\n\t\tSu ar\u0131t\u0131c\u0131\n\t<\/h3>\n\t<p>Antibakteriyel maifanit, boyalar\u0131 ve a\u011f\u0131r metaller gibi di\u011fer kirleticileri yakalar<\/p>\n<h3>\n\t\tAktif bitkisel k\u00f6m\u00fcr\n\t<\/h3>\n\t<p>Hindistan cevizi kabu\u011fundan<\/p>\n<h3>\n\t\tK\u00f6t\u00fc tad\u0131 ve kokuyu gideren filtre\n\t<\/h3>\n<h2>\n\t\tSessiz (&lt;30dB)\n\t<\/h2>\n\t<p>Sakin bir geceden daha az g\u00fcr\u00fclt\u00fcl\u00fc<\/p>\n\t\t\t\t<img loading=\"lazy\" decoding=\"async\" src=\"https:\/\/cqgclub.dyndns.org\/likyneko\/wp-content\/uploads\/2023\/07\/silece_Plan-de-travail-1-copie_Plan-de-travail-1-copie.png\" alt=\"silece_Plan de travail 1 copie_Plan de travail 1 copie\" itemprop=\"image\" height=\"1752\" width=\"1755\" title=\"silece_Plan de travail 1 copie_Plan de travail 1 copie\" onerror=\"this.style.display='none'\"  \/>\n\t\t\t\t<img loading=\"lazy\" decoding=\"async\" src=\"https:\/\/cqgclub.dyndns.org\/likyneko\/wp-content\/uploads\/2023\/06\/vue-eclatee.png\" alt=\"vue-eclatee\" itemprop=\"image\" height=\"988\" width=\"796\" title=\"vue-eclatee\" onerror=\"this.style.display='none'\"  \/>\n<h2>\n\t\tTemizlemesi kolay\n\t<\/h2>\n\tEri\u015filmesi zor k\u00f6\u015fe, k\u0131vr\u0131m veya kenar yok<br \/>\nHafif, k\u0131r\u0131lmaz par\u00e7alar ve kolay kullan\u0131l\u0131r<br \/>\nBula\u015f\u0131k makinesinde y\u0131kanabilir\n<h2>\n\t\tUygulama ile daha keyifli\n\t<\/h2>\n\t\u00dccretsiz uygulama ile:<br \/>\nSu seviye uyar\u0131lar\u0131 olu\u015fturabilir<br \/>\nBak\u0131m hat\u0131rlatmalar\u0131 programlayabilir<br \/>\nSu ak\u0131\u015f\u0131n\u0131 ayarlayabilir<br \/>\n\u00c7al\u0131\u015fma s\u0131kl\u0131\u011f\u0131n\u0131 ve s\u00fcresini ayarlayabilirsiniz\n\t\t\t\t<img loading=\"lazy\" decoding=\"async\" src=\"https:\/\/cqgclub.dyndns.org\/likyneko\/wp-content\/uploads\/2023\/07\/HANDPHONE-e1689694386318-837x1024.png\" alt=\"HANDPHONE\" itemprop=\"image\" height=\"1024\" width=\"837\" title=\"HANDPHONE\" onerror=\"this.style.display='none'\"  \/>\n<h2>\n\t\tKapasite\n\t<\/h2>\n<h2>\n\t\tKolay temizlik\n\t<\/h2>\n<h2>\n\t\tG\u00fcvenli\n\t<\/h2>\n<h2>\n\t\tDayan\u0131kl\u0131\n\t<\/h2>\n<h2>\n\t\tSessiz\n\t<\/h2>\n<h2>\n\t\tBa\u011flant\u0131l\u0131\n\t<\/h2>\n<h2>\n\t\t5 seviye filtreleme\n\t<\/h2>\n<h2>\n\t\tSevgiyle yap\u0131lm\u0131\u015f\n\t<\/h2>\n\t\t\t\t<img loading=\"lazy\" decoding=\"async\" src=\"https:\/\/cqgclub.dyndns.org\/likyneko\/wp-content\/uploads\/2023\/06\/logo.LikyNeko.100x89.png\" alt=\"logo.LikyNeko.100x89\" itemprop=\"image\" height=\"89\" width=\"100\" title=\"logo.LikyNeko.100x89\" onerror=\"this.style.display='none'\"  \/>\n\t\t\t\t<img loading=\"lazy\" decoding=\"async\" src=\"https:\/\/cqgclub.dyndns.org\/likyneko\/wp-content\/uploads\/2023\/07\/TR-FONT-C1-LK.2200x1650-1024x768.png\" alt=\"TR-FONT-C1-LK.2200x1650\" itemprop=\"image\" height=\"768\" width=\"1024\" title=\"TR-FONT-C1-LK.2200x1650\" onerror=\"this.style.display='none'\"  \/>\n<p class=\"product woocommerce add_to_cart_inline \" style=\"border:4px solid #ccc; padding: 12px;\"><span class=\"woocommerce-Price-amount amount\"><bdi>79.90<span class=\"woocommerce-Price-currencySymbol\">&euro;<\/span><\/bdi><\/span><a href=\"\/likyneko\/wp-json\/wp\/v2\/pages\/179?add-to-cart=170\" aria-describedby=\"woocommerce_loop_add_to_cart_link_describedby_170\" data-quantity=\"1\" class=\"button product_type_simple add_to_cart_button ajax_add_to_cart\" data-product_id=\"170\" data-product_sku=\"FONT-C1-LK\" aria-label=\"Ajouter au panier\u00a0: &ldquo;Fontaine \u00e0 eau connect\u00e9e pour animaux de compagnie&rdquo;\" rel=\"nofollow\" data-success_message=\"\u00ab\u00a0Fontaine \u00e0 eau connect\u00e9e pour animaux de compagnie\u00a0\u00bb a \u00e9t\u00e9 ajout\u00e9 \u00e0 votre panier\" role=\"button\">Ajouter au panier<\/a>\t<span id=\"woocommerce_loop_add_to_cart_link_describedby_170\" class=\"screen-reader-text\">\n\t\t\t<\/span>\n<\/p>\n\t<p>\u00dccretsiz kargo<\/p>\n<h2>\n\t\tAksesuarlar\n\t<\/h2>\n<div class=\"woocommerce \"><ul class=\"products columns-1\">\n<li class=\"product type-product post-402 status-publish first instock product_cat-fontaine-a-eau has-post-thumbnail taxable shipping-taxable purchasable product-type-simple\">\n\t<a href=\"https:\/\/cqgclub.dyndns.org\/likyneko\/tr\/produit\/lot-de-4-filtres-de-remplacement-pour-fontaine-connectee\/\" class=\"woocommerce-LoopProduct-link woocommerce-loop-product__link\"><img loading=\"lazy\" decoding=\"async\" width=\"300\" height=\"300\" src=\"https:\/\/cqgclub.dyndns.org\/likyneko\/wp-content\/uploads\/2023\/08\/MAIN-filtre.2000-300x300.jpg\" class=\"attachment-woocommerce_thumbnail size-woocommerce_thumbnail\" alt=\"Su \u00e7e\u015fmesi i\u00e7in 4 filtre paketi\" srcset=\"https:\/\/cqgclub.dyndns.org\/likyneko\/wp-content\/uploads\/2023\/08\/MAIN-filtre.2000-300x300.jpg 300w, https:\/\/cqgclub.dyndns.org\/likyneko\/wp-content\/uploads\/2023\/08\/MAIN-filtre.2000-1024x1024.jpg 1024w, https:\/\/cqgclub.dyndns.org\/likyneko\/wp-content\/uploads\/2023\/08\/MAIN-filtre.2000-150x150.jpg 150w, https:\/\/cqgclub.dyndns.org\/likyneko\/wp-content\/uploads\/2023\/08\/MAIN-filtre.2000-768x768.jpg 768w, https:\/\/cqgclub.dyndns.org\/likyneko\/wp-content\/uploads\/2023\/08\/MAIN-filtre.2000-1536x1536.jpg 1536w, https:\/\/cqgclub.dyndns.org\/likyneko\/wp-content\/uploads\/2023\/08\/MAIN-filtre.2000-600x600.jpg 600w, https:\/\/cqgclub.dyndns.org\/likyneko\/wp-content\/uploads\/2023\/08\/MAIN-filtre.2000-100x100.jpg 100w, https:\/\/cqgclub.dyndns.org\/likyneko\/wp-content\/uploads\/2023\/08\/MAIN-filtre.2000.jpg 2000w\" sizes=\"auto, (max-width: 300px) 100vw, 300px\" \/><h2 class=\"woocommerce-loop-product__title\">Su \u00e7e\u015fmesi i\u00e7in 4 filtre paketi<\/h2>\n\t<span class=\"price\"><span class=\"woocommerce-Price-amount amount\"><bdi>12.90<span class=\"woocommerce-Price-currencySymbol\">&euro;<\/span><\/bdi><\/span><\/span>\n<\/a><a href=\"\/likyneko\/wp-json\/wp\/v2\/pages\/179?add-to-cart=402\" aria-describedby=\"woocommerce_loop_add_to_cart_link_describedby_402\" data-quantity=\"1\" class=\"button product_type_simple add_to_cart_button ajax_add_to_cart\" data-product_id=\"402\" data-product_sku=\"FP-C1-LK\" aria-label=\"Ajouter au panier\u00a0: &ldquo;Su \u00e7e\u015fmesi i\u00e7in 4 filtre paketi&rdquo;\" rel=\"nofollow\" data-success_message=\"\u00ab\u00a0Su \u00e7e\u015fmesi i\u00e7in 4 filtre paketi\u00a0\u00bb a \u00e9t\u00e9 ajout\u00e9 \u00e0 votre panier\" role=\"button\">Ajouter au panier<\/a>\t<span id=\"woocommerce_loop_add_to_cart_link_describedby_402\" class=\"screen-reader-text\">\n\t\t\t<\/span>\n<\/li>\n<\/ul>\n<\/div>\n","protected":false},"excerpt":{"rendered":"<p>Evcil hayvanlar i\u00e7in ba\u011flant\u0131l\u0131 su \u00e7e\u015fmesi \u00dccretsiz kargo K\u00f6pekleriniz, kedileriniz ve yavru kedileriniz i\u00e7in ideal \u00e7e\u015fme. Ayn\u0131 zamanda f\u0131retler, kemirgenler ve ku\u015flar i\u00e7in de harika. Sa\u011fl\u0131kl\u0131 hayvanlar Sindirim, b\u00f6brek sa\u011fl\u0131\u011f\u0131, v\u00fccut s\u0131cakl\u0131\u011f\u0131 d\u00fczenlemesi, vb.Su hareketi dikkat \u00e7eker ve i\u00e7meye te\u015fvik eder Ak\u0131\u015fkan su do\u011fal hidrasyon davran\u0131\u015f\u0131n\u0131 te\u015fvik eder B\u00fcy\u00fck kapasite, 4 litre Daha az s\u0131k&hellip;<\/p>\n","protected":false},"author":1,"featured_media":0,"parent":0,"menu_order":0,"comment_status":"closed","ping_status":"closed","template":"","meta":{"footnotes":""},"class_list":["post-179","page","type-page","status-publish","hentry"],"lang":"tr","translations":{"tr":179,"fr":5,"en":174,"de":175,"it":176,"es":177,"pl":178,"sv":180,"nl":181,"cs":182},"pll_sync_post":[],"_links":{"self":[{"href":"https:\/\/cqgclub.dyndns.org\/likyneko\/wp-json\/wp\/v2\/pages\/179","targetHints":{"allow":["GET"]}}],"collection":[{"href":"https:\/\/cqgclub.dyndns.org\/likyneko\/wp-json\/wp\/v2\/pages"}],"about":[{"href":"https:\/\/cqgclub.dyndns.org\/likyneko\/wp-json\/wp\/v2\/types\/page"}],"author":[{"embeddable":true,"href":"https:\/\/cqgclub.dyndns.org\/likyneko\/wp-json\/wp\/v2\/users\/1"}],"replies":[{"embeddable":true,"href":"https:\/\/cqgclub.dyndns.org\/likyneko\/wp-json\/wp\/v2\/comments?post=179"}],"version-history":[{"count":2,"href":"https:\/\/cqgclub.dyndns.org\/likyneko\/wp-json\/wp\/v2\/pages\/179\/revisions"}],"predecessor-version":[{"id":432,"href":"https:\/\/cqgclub.dyndns.org\/likyneko\/wp-json\/wp\/v2\/pages\/179\/revisions\/432"}],"wp:attachment":[{"href":"https:\/\/cqgclub.dyndns.org\/likyneko\/wp-json\/wp\/v2\/media?parent=179"}],"curies":[{"name":"wp","href":"https:\/\/api.w.org\/{rel}","templated":true}]}}