{"id":182,"date":"2023-07-21T00:35:18","date_gmt":"2023-07-20T22:35:18","guid":{"rendered":"https:\/\/cqgclub.dyndns.org\/likyneko\/fontaine-a-eau-connectee-cestina\/"},"modified":"2023-09-03T12:11:32","modified_gmt":"2023-09-03T10:11:32","slug":"fontaine-a-eau-connectee-cestina","status":"publish","type":"page","link":"https:\/\/cqgclub.dyndns.org\/likyneko\/cs\/fontaine-a-eau-connectee-cestina\/","title":{"rendered":"Fontaine \u00e0 eau connect\u00e9e &#8211; \u010ce\u0161tina"},"content":{"rendered":"\n\n\t\t\t\t<img loading=\"lazy\" decoding=\"async\" src=\"https:\/\/cqgclub.dyndns.org\/likyneko\/wp-content\/uploads\/2023\/07\/logo.LikyNeko.gray_.png\" alt=\"logo.LikyNeko.gray\" itemprop=\"image\" height=\"517\" width=\"579\" title=\"logo.LikyNeko.gray\" onerror=\"this.style.display='none'\"  \/>\n<h1>\n\t\tP\u0159ipojen\u00e1 vodn\u00ed font\u00e1na<br \/> pro dom\u00e1c\u00ed zv\u00ed\u0159ata\n\t<\/h1>\n<p class=\"product woocommerce add_to_cart_inline \" style=\"border:4px solid #ccc; padding: 12px;\"><span class=\"woocommerce-Price-amount amount\"><bdi>79.90<span class=\"woocommerce-Price-currencySymbol\">&euro;<\/span><\/bdi><\/span><a href=\"\/likyneko\/wp-json\/wp\/v2\/pages\/182?add-to-cart=170\" aria-describedby=\"woocommerce_loop_add_to_cart_link_describedby_170\" data-quantity=\"1\" class=\"button product_type_simple add_to_cart_button ajax_add_to_cart\" data-product_id=\"170\" data-product_sku=\"FONT-C1-LK\" aria-label=\"Ajouter au panier\u00a0: &ldquo;Fontaine \u00e0 eau connect\u00e9e pour animaux de compagnie&rdquo;\" rel=\"nofollow\" data-success_message=\"\u00ab\u00a0Fontaine \u00e0 eau connect\u00e9e pour animaux de compagnie\u00a0\u00bb a \u00e9t\u00e9 ajout\u00e9 \u00e0 votre panier\" role=\"button\">Ajouter au panier<\/a>\t<span id=\"woocommerce_loop_add_to_cart_link_describedby_170\" class=\"screen-reader-text\">\n\t\t\t<\/span>\n<\/p>\n\t<p>Doprava zdarma<\/p>\n\t<p>Ide\u00e1ln\u00ed font\u00e1na pro va\u0161e psy, ko\u010dky a kot\u011bta.<\/p>\n<p>Pot\u011b\u0161\u00ed tak\u00e9 fretky, hlodavce a pt\u00e1ky.<\/p>\n\t\t\t\t<img loading=\"lazy\" decoding=\"async\" src=\"https:\/\/cqgclub.dyndns.org\/likyneko\/wp-content\/uploads\/2023\/07\/3-1-1024x1024.png\" alt=\"3\" itemprop=\"image\" height=\"1024\" width=\"1024\" title=\"3\" onerror=\"this.style.display='none'\"  \/>\n\t\t\t\t<img loading=\"lazy\" decoding=\"async\" src=\"https:\/\/cqgclub.dyndns.org\/likyneko\/wp-content\/uploads\/2023\/07\/Sans-titre-2_Plan-de-travail-1-copie-2-1-1024x1022.png\" alt=\"Illustration pour les animaux en bonne sant\u00e9\" itemprop=\"image\" height=\"1022\" width=\"1024\" title=\"Fontaine \u00e0 eau pour inciter \u00e0 s'hydrater\" onerror=\"this.style.display='none'\"  \/>\n<h2>\n\t\tZdrav\u00e1 zv\u00ed\u0159ata\n\t<\/h2>\n\t<p>Tr\u00e1ven\u00ed, zdrav\u00ed ledvin, regulace t\u011blesn\u00e9 teploty, atd.<\/p>\n<p>Pohyb vody p\u0159itahuje pozornost a podn\u011bcuje k pit\u00ed<\/p>\n<p>Tekouc\u00ed voda podporuje p\u0159irozen\u00e9 chov\u00e1n\u00ed hydratace<\/p>\n<h2>\n\t\tVelk\u00e1 kapacita, 4 litry\n\t<\/h2>\n\t<p>M\u00e9n\u011b \u010dast\u00e9 dopl\u0148ov\u00e1n\u00ed<\/p>\n<p>Lep\u0161\u00ed autonomie<\/p>\n\t\t\t\t<img loading=\"lazy\" decoding=\"async\" src=\"https:\/\/cqgclub.dyndns.org\/likyneko\/wp-content\/uploads\/2023\/07\/dog.png\" alt=\"dog\" itemprop=\"image\" height=\"1746\" width=\"1746\" title=\"dog\" onerror=\"this.style.display='none'\"  \/>\n\t\t\t\t<img loading=\"lazy\" decoding=\"async\" src=\"https:\/\/cqgclub.dyndns.org\/likyneko\/wp-content\/uploads\/2023\/06\/vue-filtre-eclate-1.png\" alt=\"vue-filtre-eclate\" itemprop=\"image\" height=\"1352\" width=\"927\" title=\"vue-filtre-eclate\" onerror=\"this.style.display='none'\"  \/>\n<h2>\n\t\tFiltra\u010dn\u00ed syst\u00e9m\n\t<\/h2>\n<h3>\n\t\tFiltr proti prachu\n\t<\/h3>\n\t<p>Zachyt\u00e1v\u00e1 zbytky potravin, chlupy a prach<\/p>\n<h3>\n\t\tZm\u011bk\u010dova\u010d vody\n\t<\/h3>\n\t<p>S ionexovou prysky\u0159ic\u00ed<\/p>\n<h3>\n\t\tVodn\u00ed \u010disti\u010d\n\t<\/h3>\n\t<p>Maifanit, antibakteri\u00e1ln\u00ed, zachyt\u00e1v\u00e1 barviva a dal\u0161\u00ed polutanty, jako jsou t\u011b\u017ek\u00e9 kovy<\/p>\n<h3>\n\t\tAktivn\u00ed rostlinn\u00e9 uhl\u00ed\n\t<\/h3>\n\t<p>Z kokosov\u00e9 sko\u0159\u00e1pky<\/p>\n<h3>\n\t\tFiltr pro odstran\u011bn\u00ed \u0161patn\u00e9 chuti a z\u00e1pachu\n\t<\/h3>\n<h2>\n\t\tTich\u00e1 (&lt;30dB)\n\t<\/h2>\n\t<p>M\u00e9n\u011b hlu\u010dn\u00e1 ne\u017e klidn\u00e1 noc<\/p>\n\t\t\t\t<img loading=\"lazy\" decoding=\"async\" src=\"https:\/\/cqgclub.dyndns.org\/likyneko\/wp-content\/uploads\/2023\/07\/silece_Plan-de-travail-1-copie_Plan-de-travail-1-copie.png\" alt=\"silece_Plan de travail 1 copie_Plan de travail 1 copie\" itemprop=\"image\" height=\"1752\" width=\"1755\" title=\"silece_Plan de travail 1 copie_Plan de travail 1 copie\" onerror=\"this.style.display='none'\"  \/>\n\t\t\t\t<img loading=\"lazy\" decoding=\"async\" src=\"https:\/\/cqgclub.dyndns.org\/likyneko\/wp-content\/uploads\/2023\/06\/vue-eclatee.png\" alt=\"vue-eclatee\" itemprop=\"image\" height=\"988\" width=\"796\" title=\"vue-eclatee\" onerror=\"this.style.display='none'\"  \/>\n<h2>\n\t\tSnadn\u00e9 \u010di\u0161t\u011bn\u00ed\n\t<\/h2>\n\t<p>\u017d\u00e1dn\u00e9 kouty, z\u00e1hyby nebo t\u011b\u017eko dostupn\u00e9 hrany<\/p>\n<p>Lehk\u00e9, nerozbitn\u00e9 d\u00edly snadn\u00e9 na manipulaci<\/p>\n<p>Vhodn\u00e9 do my\u010dky n\u00e1dob\u00ed<\/p>\n<h2>\n\t\tS aplikac\u00ed je to z\u00e1bavn\u011bj\u0161\u00ed\n\t<\/h2>\n\t<p>Bezplatn\u00e1 aplikace v\u00e1m umo\u017en\u00ed:<\/p>\nVytvo\u0159it upozorn\u011bn\u00ed na hladinu vody<br \/>\nNapl\u00e1novat p\u0159ipom\u00ednky \u00fadr\u017eby<br \/>\nNastavit pr\u016ftok vody<br \/>\nNastavit frekvenci a dobu provozu\n\t\t\t\t<img loading=\"lazy\" decoding=\"async\" src=\"https:\/\/cqgclub.dyndns.org\/likyneko\/wp-content\/uploads\/2023\/07\/HANDPHONE-e1689694386318-837x1024.png\" alt=\"HANDPHONE\" itemprop=\"image\" height=\"1024\" width=\"837\" title=\"HANDPHONE\" onerror=\"this.style.display='none'\"  \/>\n<h2>\n\t\tKapacita\n\t<\/h2>\n<h2>\n\t\tSnadn\u00e9 \u010di\u0161t\u011bn\u00ed\n\t<\/h2>\n<h2>\n\t\tBezpe\u010dn\u00e1\n\t<\/h2>\n<h2>\n\t\tTrvanliv\u00e1\n\t<\/h2>\n<h2>\n\t\tTich\u00e1\n\t<\/h2>\n<h2>\n\t\tP\u0159ipojen\u00e1\n\t<\/h2>\n<h2>\n\t\tFiltrace na 5 \u00farovn\u00edch\n\t<\/h2>\n<h2>\n\t\tVytvo\u0159eno s l\u00e1skou\n\t<\/h2>\n\t\t\t\t<img loading=\"lazy\" decoding=\"async\" src=\"https:\/\/cqgclub.dyndns.org\/likyneko\/wp-content\/uploads\/2023\/06\/logo.LikyNeko.100x89.png\" alt=\"logo.LikyNeko.100x89\" itemprop=\"image\" height=\"89\" width=\"100\" title=\"logo.LikyNeko.100x89\" onerror=\"this.style.display='none'\"  \/>\n\t\t\t\t<img loading=\"lazy\" decoding=\"async\" src=\"https:\/\/cqgclub.dyndns.org\/likyneko\/wp-content\/uploads\/2023\/07\/TR-FONT-C1-LK.2200x1650-1024x768.png\" alt=\"TR-FONT-C1-LK.2200x1650\" itemprop=\"image\" height=\"768\" width=\"1024\" title=\"TR-FONT-C1-LK.2200x1650\" onerror=\"this.style.display='none'\"  \/>\n<p class=\"product woocommerce add_to_cart_inline \" style=\"border:4px solid #ccc; padding: 12px;\"><span class=\"woocommerce-Price-amount amount\"><bdi>79.90<span class=\"woocommerce-Price-currencySymbol\">&euro;<\/span><\/bdi><\/span><a href=\"\/likyneko\/wp-json\/wp\/v2\/pages\/182?add-to-cart=170\" aria-describedby=\"woocommerce_loop_add_to_cart_link_describedby_170\" data-quantity=\"1\" class=\"button product_type_simple add_to_cart_button ajax_add_to_cart\" data-product_id=\"170\" data-product_sku=\"FONT-C1-LK\" aria-label=\"Ajouter au panier\u00a0: &ldquo;Fontaine \u00e0 eau connect\u00e9e pour animaux de compagnie&rdquo;\" rel=\"nofollow\" data-success_message=\"\u00ab\u00a0Fontaine \u00e0 eau connect\u00e9e pour animaux de compagnie\u00a0\u00bb a \u00e9t\u00e9 ajout\u00e9 \u00e0 votre panier\" role=\"button\">Ajouter au panier<\/a>\t<span id=\"woocommerce_loop_add_to_cart_link_describedby_170\" class=\"screen-reader-text\">\n\t\t\t<\/span>\n<\/p>\n\t<p>Doprava zdarma<\/p>\n<h2>\n\t\tP\u0159\u00edslu\u0161enstv\u00ed\n\t<\/h2>\n<div class=\"woocommerce \"><ul class=\"products columns-1\">\n<li class=\"product type-product post-414 status-publish first instock product_cat-fontaine-a-eau has-post-thumbnail taxable shipping-taxable purchasable product-type-simple\">\n\t<a href=\"https:\/\/cqgclub.dyndns.org\/likyneko\/cs\/produit\/lot-de-4-filtres-de-remplacement-pour-fontaine-connectee\/\" class=\"woocommerce-LoopProduct-link woocommerce-loop-product__link\"><img loading=\"lazy\" decoding=\"async\" width=\"300\" height=\"300\" src=\"https:\/\/cqgclub.dyndns.org\/likyneko\/wp-content\/uploads\/2023\/08\/MAIN-filtre.2000-300x300.jpg\" class=\"attachment-woocommerce_thumbnail size-woocommerce_thumbnail\" alt=\"Bal\u00ed\u010dek 4 filtr\u016f pro vodn\u00ed font\u00e1nu\" srcset=\"https:\/\/cqgclub.dyndns.org\/likyneko\/wp-content\/uploads\/2023\/08\/MAIN-filtre.2000-300x300.jpg 300w, https:\/\/cqgclub.dyndns.org\/likyneko\/wp-content\/uploads\/2023\/08\/MAIN-filtre.2000-1024x1024.jpg 1024w, https:\/\/cqgclub.dyndns.org\/likyneko\/wp-content\/uploads\/2023\/08\/MAIN-filtre.2000-150x150.jpg 150w, https:\/\/cqgclub.dyndns.org\/likyneko\/wp-content\/uploads\/2023\/08\/MAIN-filtre.2000-768x768.jpg 768w, https:\/\/cqgclub.dyndns.org\/likyneko\/wp-content\/uploads\/2023\/08\/MAIN-filtre.2000-1536x1536.jpg 1536w, https:\/\/cqgclub.dyndns.org\/likyneko\/wp-content\/uploads\/2023\/08\/MAIN-filtre.2000-600x600.jpg 600w, https:\/\/cqgclub.dyndns.org\/likyneko\/wp-content\/uploads\/2023\/08\/MAIN-filtre.2000-100x100.jpg 100w, https:\/\/cqgclub.dyndns.org\/likyneko\/wp-content\/uploads\/2023\/08\/MAIN-filtre.2000.jpg 2000w\" sizes=\"auto, (max-width: 300px) 100vw, 300px\" \/><h2 class=\"woocommerce-loop-product__title\">Bal\u00ed\u010dek 4 filtr\u016f pro vodn\u00ed font\u00e1nu<\/h2>\n\t<span class=\"price\"><span class=\"woocommerce-Price-amount amount\"><bdi>12.90<span class=\"woocommerce-Price-currencySymbol\">&euro;<\/span><\/bdi><\/span><\/span>\n<\/a><a href=\"\/likyneko\/wp-json\/wp\/v2\/pages\/182?add-to-cart=414\" aria-describedby=\"woocommerce_loop_add_to_cart_link_describedby_414\" data-quantity=\"1\" class=\"button product_type_simple add_to_cart_button ajax_add_to_cart\" data-product_id=\"414\" data-product_sku=\"FP-C1-LK\" aria-label=\"Ajouter au panier\u00a0: &ldquo;Bal\u00ed\u010dek 4 filtr\u016f pro vodn\u00ed font\u00e1nu&rdquo;\" rel=\"nofollow\" data-success_message=\"\u00ab\u00a0Bal\u00ed\u010dek 4 filtr\u016f pro vodn\u00ed font\u00e1nu\u00a0\u00bb a \u00e9t\u00e9 ajout\u00e9 \u00e0 votre panier\" role=\"button\">Ajouter au panier<\/a>\t<span id=\"woocommerce_loop_add_to_cart_link_describedby_414\" class=\"screen-reader-text\">\n\t\t\t<\/span>\n<\/li>\n<\/ul>\n<\/div>\n","protected":false},"excerpt":{"rendered":"<p>P\u0159ipojen\u00e1 vodn\u00ed font\u00e1na pro dom\u00e1c\u00ed zv\u00ed\u0159ata Doprava zdarma Ide\u00e1ln\u00ed font\u00e1na pro va\u0161e psy, ko\u010dky a kot\u011bta. Pot\u011b\u0161\u00ed tak\u00e9 fretky, hlodavce a pt\u00e1ky. Zdrav\u00e1 zv\u00ed\u0159ata Tr\u00e1ven\u00ed, zdrav\u00ed ledvin, regulace t\u011blesn\u00e9 teploty, atd. Pohyb vody p\u0159itahuje pozornost a podn\u011bcuje k pit\u00ed Tekouc\u00ed voda podporuje p\u0159irozen\u00e9 chov\u00e1n\u00ed hydratace Velk\u00e1 kapacita, 4 litry M\u00e9n\u011b \u010dast\u00e9 dopl\u0148ov\u00e1n\u00ed Lep\u0161\u00ed autonomie Filtra\u010dn\u00ed&hellip;<\/p>\n","protected":false},"author":1,"featured_media":0,"parent":0,"menu_order":0,"comment_status":"closed","ping_status":"closed","template":"","meta":{"footnotes":""},"class_list":["post-182","page","type-page","status-publish","hentry"],"lang":"cs","translations":{"cs":182,"fr":5,"en":174,"de":175,"it":176,"es":177,"pl":178,"tr":179,"sv":180,"nl":181},"pll_sync_post":[],"_links":{"self":[{"href":"https:\/\/cqgclub.dyndns.org\/likyneko\/wp-json\/wp\/v2\/pages\/182","targetHints":{"allow":["GET"]}}],"collection":[{"href":"https:\/\/cqgclub.dyndns.org\/likyneko\/wp-json\/wp\/v2\/pages"}],"about":[{"href":"https:\/\/cqgclub.dyndns.org\/likyneko\/wp-json\/wp\/v2\/types\/page"}],"author":[{"embeddable":true,"href":"https:\/\/cqgclub.dyndns.org\/likyneko\/wp-json\/wp\/v2\/users\/1"}],"replies":[{"embeddable":true,"href":"https:\/\/cqgclub.dyndns.org\/likyneko\/wp-json\/wp\/v2\/comments?post=182"}],"version-history":[{"count":2,"href":"https:\/\/cqgclub.dyndns.org\/likyneko\/wp-json\/wp\/v2\/pages\/182\/revisions"}],"predecessor-version":[{"id":434,"href":"https:\/\/cqgclub.dyndns.org\/likyneko\/wp-json\/wp\/v2\/pages\/182\/revisions\/434"}],"wp:attachment":[{"href":"https:\/\/cqgclub.dyndns.org\/likyneko\/wp-json\/wp\/v2\/media?parent=182"}],"curies":[{"name":"wp","href":"https:\/\/api.w.org\/{rel}","templated":true}]}}