{"id":612,"date":"2023-09-04T17:50:40","date_gmt":"2023-09-04T15:50:40","guid":{"rendered":"https:\/\/cqgclub.dyndns.org\/likyneko\/?page_id=612"},"modified":"2023-09-04T17:50:40","modified_gmt":"2023-09-04T15:50:40","slug":"tc-gdpr-note-legali","status":"publish","type":"page","link":"https:\/\/cqgclub.dyndns.org\/likyneko\/it\/tc-gdpr-note-legali\/","title":{"rendered":"T&amp;C, GDPR &amp; Note Legali"},"content":{"rendered":"\n<h2 class=\"wp-block-heading has-large-font-size\">Avviso Legale<\/h2>\n\n\n\n<p><strong>Editore<\/strong><br>Il sito likyneko.com \u00e8 pubblicato da:<br>Informatech SARL<br>7 rue de l&rsquo;\u00e9cureuil<br>38130 ECHIROLLES<br>SARL con un capitale di \u20ac1,000<br>RC 498649813<br>Telefono: +33621841586<br>E-mail: <a href=\"mailto:contact@cqgclub.dyndns.org\">contact@cqgclub.dyndns.org<\/a><br>Il direttore della pubblicazione \u00e8 il Signor ROBBE C\u00e9dric.<br><strong>Hosting<\/strong><br>likyneko.com \u00e8 ospitato da:<br>Gandi<br>63-65 boulevard Massena<br>75013 Paris<br>Francia<\/p>\n\n\n\n<h2 class=\"wp-block-heading has-large-font-size\"><strong>Termini e Condizioni Generali di Vendita &#8211; Liky Neko<\/strong><\/h2>\n\n\n\n<p><em>La versione in francese di questi Termini e Condizioni Generali \u00e8 la versione ufficiale. In caso di discrepanza o ambiguit\u00e0, prevarr\u00e0 la versione in francese.<\/em><\/p>\n\n\n\n<ol class=\"wp-block-list\">\n<li><strong>Introduzione<\/strong><br>Il sito web likyneko.com \u00e8 gestito da Informatech SARL, una societ\u00e0 situata in 7 rue de l&rsquo;\u00e9cureuil, 38130 Echirolles, FRANCIA. Puoi contattarci a <a href=\"mailto:contact@cqgclub.dyndns.org\">contact@cqgclub.dyndns.org<\/a> o +33621841586.<\/li>\n\n\n\n<li><strong>Ordine e Pagamento<\/strong><br>Gli ordini vengono confermati alla ricezione del pagamento. I metodi di pagamento accettati includono carta di credito (tramite Stripe), PayPal e altri metodi potenziali come ApplePay o GooglePay.<\/li>\n\n\n\n<li><strong>Prezzi<\/strong><br>Tutti i prezzi sono IVA inclusa. Generalmente, la consegna \u00e8 gratuita, ma qualsiasi tariffa di spedizione, se applicabile, sar\u00e0 chiaramente indicata prima del pagamento.<\/li>\n\n\n\n<li><strong>Consegna<\/strong><br>I prodotti verranno spediti entro 5 giorni dalla conferma dell&rsquo;ordine. Il corriere specifico utilizzato pu\u00f2 variare in base al paese. I prodotti possono essere spediti da vari magazzini europei, tra cui ma non solo, Francia, Italia, Germania, Spagna, Repubblica Ceca e Polonia.<\/li>\n\n\n\n<li><strong>Diritto di Recesso e Resi<\/strong><br>Conformemente alla Direttiva sui Diritti dei Consumatori dell&rsquo;UE (2011\/83\/UE), gli acquirenti hanno un diritto di recesso, che likyneko.com ha esteso a 30 giorni. Ogni reso \u00e8 a carico dell&rsquo;acquirente. I prodotti restituiti devono essere come nuovi e nel loro imballaggio originale. Qualsiasi prodotto che risulti danneggiato o non vendibile come nuovo sar\u00e0 respinto e rispedito all&rsquo;acquirente a sue spese. Per prodotti che possono essere venduti come ricondizionati o usati, verr\u00e0 emesso solo un rimborso parziale.<\/li>\n\n\n\n<li><strong>Garanzia<\/strong><br>I prodotti sono coperti dalla garanzia legale.<\/li>\n\n\n\n<li><strong>Giurisdizione<\/strong><br>Qualsiasi controversia sar\u00e0 sotto la giurisdizione del Tribunale di Commercio di Grenoble.<\/li>\n\n\n\n<li><strong>Dati Personali<\/strong><br>I dettagli su come gestiamo i tuoi dati personali saranno forniti nella nostra pagina RGPD, che verr\u00e0 pubblicata dopo questi T&amp;C.<\/li>\n\n\n\n<li><strong>Diritti d&rsquo;Autore<\/strong><br>Il contenuto di questo sito web \u00e8 protetto e di propriet\u00e0 del marchio Liky Neko.<\/li>\n\n\n\n<li><strong>Modifica<\/strong><br>I Termini e Condizioni Generali possono essere aggiornati periodicamente. La versione disponibile su likyneko.com al momento dell&rsquo;acquisto sar\u00e0 la versione applicabile per quell&rsquo;acquisto.<\/li>\n<\/ol>\n\n\n\n<h2 class=\"wp-block-heading has-large-font-size\"><strong>Politica sulla Privacy e Protezione dei Dati Personali<\/strong><\/h2>\n\n\n\n<p><strong>1. Introduzione<\/strong><\/p>\n\n\n\n<p>Per Informatech SARL, la protezione dei vostri dati personali \u00e8 di fondamentale importanza. Questa politica sulla privacy descrive come trattiamo e proteggiamo i vostri dati personali quando visitate il nostro sito web likyneko.com.<\/p>\n\n\n\n<p><strong>2. Raccolta e utilizzo dei dati personali<\/strong><\/p>\n\n\n\n<p>I dati personali che raccogliamo vengono utilizzati esclusivamente per il trattamento del vostro ordine. Questi dati includono, tra l&rsquo;altro, il vostro nome, indirizzo, indirizzo e-mail e numero di telefono.<\/p>\n\n\n\n<p>Alcune di queste informazioni potrebbero essere condivise con il corriere solo per garantire la consegna del vostro ordine. A meno che non abbiate dato il vostro consenso esplicito, questi dati non saranno utilizzati per scopi commerciali.<\/p>\n\n\n\n<p><strong>3. Cookies<\/strong><\/p>\n\n\n\n<p>Il nostro sito web utilizza i cookies esclusivamente per facilitare la vostra navigazione. Questi cookies non vengono esaminati n\u00e9 condivisi con terzi. La loro unica finalit\u00e0 \u00e8 migliorare la vostra esperienza utente sul nostro sito.<\/p>\n\n\n\n<p><strong>4. Analisi e statistiche<\/strong><\/p>\n\n\n\n<p>I dati di navigazione vengono registrati in forma anonima su un server privato di propriet\u00e0 di Informatech SARL e vengono analizzati con il software Matomo, un&rsquo;alternativa rispettosa della privacy a Google Analytics.<\/p>\n\n\n\n<p><strong>5. Condivisione dei dati personali<\/strong><\/p>\n\n\n\n<p>Ci impegniamo a non condividere, vendere o divulgare i vostri dati personali a terzi, eccetto per gli scopi di elaborazione dell&rsquo;ordine sopra menzionati.<\/p>\n\n\n\n<p><strong>6. Diritti dell&rsquo;utente<\/strong><\/p>\n\n\n\n<p>In conformit\u00e0 con il Regolamento Generale sulla Protezione dei Dati (RGPD), avete il diritto di accedere, modificare ed eliminare i vostri dati personali. Tuttavia, alcune informazioni necessarie per la contabilit\u00e0 della nostra azienda non possono essere eliminate.<\/p>\n\n\n\n<p>Per esercitare questi diritti, potete contattarci al seguente indirizzo: <a href=\"mailto:contact@cqgclub.dyndns.org\">contact@cqgclub.dyndns.org<\/a>.<\/p>\n\n\n\n<p><strong>7. Sicurezza<\/strong><\/p>\n\n\n\n<p>Adottiamo tutte le misure necessarie per garantire la sicurezza dei vostri dati personali. Queste misure includono procedure fisiche, tecniche e amministrative per prevenire l&rsquo;accesso non autorizzato, la perdita o l&rsquo;uso improprio.<\/p>\n","protected":false},"excerpt":{"rendered":"<p>Avviso Legale EditoreIl sito likyneko.com \u00e8 pubblicato da:Informatech SARL7 rue de l&rsquo;\u00e9cureuil38130 ECHIROLLESSARL con un capitale di \u20ac1,000RC 498649813Telefono: +33621841586E-mail: contact@cqgclub.dyndns.orgIl direttore della pubblicazione \u00e8 il Signor ROBBE C\u00e9dric.Hostinglikyneko.com \u00e8 ospitato da:Gandi63-65 boulevard Massena75013 ParisFrancia Termini e Condizioni Generali di Vendita &#8211; Liky Neko La versione in francese di questi Termini e Condizioni Generali \u00e8&hellip;<\/p>\n","protected":false},"author":1,"featured_media":0,"parent":0,"menu_order":0,"comment_status":"closed","ping_status":"closed","template":"","meta":{"footnotes":""},"class_list":["post-612","page","type-page","status-publish","hentry"],"lang":"it","translations":{"it":612,"en":606,"fr":599,"es":608,"de":610,"pl":614,"nl":616,"cs":618,"sv":620,"tr":622},"pll_sync_post":[],"_links":{"self":[{"href":"https:\/\/cqgclub.dyndns.org\/likyneko\/wp-json\/wp\/v2\/pages\/612","targetHints":{"allow":["GET"]}}],"collection":[{"href":"https:\/\/cqgclub.dyndns.org\/likyneko\/wp-json\/wp\/v2\/pages"}],"about":[{"href":"https:\/\/cqgclub.dyndns.org\/likyneko\/wp-json\/wp\/v2\/types\/page"}],"author":[{"embeddable":true,"href":"https:\/\/cqgclub.dyndns.org\/likyneko\/wp-json\/wp\/v2\/users\/1"}],"replies":[{"embeddable":true,"href":"https:\/\/cqgclub.dyndns.org\/likyneko\/wp-json\/wp\/v2\/comments?post=612"}],"version-history":[{"count":1,"href":"https:\/\/cqgclub.dyndns.org\/likyneko\/wp-json\/wp\/v2\/pages\/612\/revisions"}],"predecessor-version":[{"id":613,"href":"https:\/\/cqgclub.dyndns.org\/likyneko\/wp-json\/wp\/v2\/pages\/612\/revisions\/613"}],"wp:attachment":[{"href":"https:\/\/cqgclub.dyndns.org\/likyneko\/wp-json\/wp\/v2\/media?parent=612"}],"curies":[{"name":"wp","href":"https:\/\/api.w.org\/{rel}","templated":true}]}}