{"id":614,"date":"2023-09-04T17:52:49","date_gmt":"2023-09-04T15:52:49","guid":{"rendered":"https:\/\/cqgclub.dyndns.org\/likyneko\/?page_id=614"},"modified":"2023-09-04T17:52:49","modified_gmt":"2023-09-04T15:52:49","slug":"owu-rodo-informacja-prawna","status":"publish","type":"page","link":"https:\/\/cqgclub.dyndns.org\/likyneko\/pl\/owu-rodo-informacja-prawna\/","title":{"rendered":"OWU, RODO &amp; Informacja Prawna"},"content":{"rendered":"\n<h2 class=\"wp-block-heading has-large-font-size\">Informacja prawna<\/h2>\n\n\n\n<p><strong>Wydawca<\/strong><br>Strona likyneko.com jest wydawana przez:<br>Informatech SARL<br>7 rue de l&rsquo;\u00e9cureuil<br>38130 ECHIROLLES<br>SARL o kapitale 1 000 \u20ac<br>RC 498649813<br>Telefon: +33621841586<br>E-mail: <a href=\"mailto:contact@cqgclub.dyndns.org\">contact@cqgclub.dyndns.org<\/a><br>Osob\u0105 odpowiedzialn\u0105 za publikacj\u0119 jest Pan ROBBE C\u00e9dric.<br><strong>Hosting<\/strong><br>likyneko.com jest hostowany przez:<br>Gandi<br>63-65 boulevard Massena<br>75013 Pary\u017c<br>Francja<\/p>\n\n\n\n<h2 class=\"wp-block-heading has-large-font-size\"><strong>Og\u00f3lne Warunki Sprzeda\u017cy &#8211; Liky Neko<\/strong><\/h2>\n\n\n\n<p><em>Francuska wersja tych Og\u00f3lnych Warunk\u00f3w Sprzeda\u017cy jest wersj\u0105 oficjaln\u0105. W przypadku rozbie\u017cno\u015bci lub niejednoznaczno\u015bci obowi\u0105zuje wersja francuska.<\/em><\/p>\n\n\n\n<ol class=\"wp-block-list\">\n<li><strong>Wprowadzenie<\/strong><br>Strona internetowa likyneko.com jest prowadzona przez Informatech SARL, firm\u0119 z siedzib\u0105 przy ul. 7 rue de l&rsquo;\u00e9cureuil, 38130 Echirolles, FRANCJA. Mo\u017cesz si\u0119 z nami skontaktowa\u0107 pod adresem <a href=\"mailto:contact@cqgclub.dyndns.org\">contact@cqgclub.dyndns.org<\/a> lub +33621841586.<\/li>\n\n\n\n<li><strong>Zam\u00f3wienie i P\u0142atno\u015b\u0107<\/strong><br>Zam\u00f3wienia s\u0105 potwierdzane po otrzymaniu p\u0142atno\u015bci. Akceptowane formy p\u0142atno\u015bci to karta kredytowa (za po\u015brednictwem Stripe), PayPal oraz inne potencjalne metody, takie jak ApplePay czy GooglePay.<\/li>\n\n\n\n<li><strong>Ceny<\/strong><br>Wszystkie ceny zawieraj\u0105 podatek VAT. Zazwyczaj dostawa jest darmowa, ale wszelkie op\u0142aty za przesy\u0142k\u0119, je\u015bli si\u0119 pojawi\u0105, b\u0119d\u0105 wyra\u017anie wskazane przed p\u0142atno\u015bci\u0105.<\/li>\n\n\n\n<li><strong>Dostawa<\/strong><br>Produkty s\u0105 wysy\u0142ane w ci\u0105gu 5 dni od potwierdzenia zam\u00f3wienia. Konkretny przewo\u017anik mo\u017ce r\u00f3\u017cni\u0107 si\u0119 w zale\u017cno\u015bci od kraju. Produkty mog\u0105 by\u0107 wysy\u0142ane z r\u00f3\u017cnych magazyn\u00f3w w Europie, w tym, ale nie tylko, z Francji, W\u0142och, Niemiec, Hiszpanii, Czech i Polski.<\/li>\n\n\n\n<li><strong>Prawo do odst\u0105pienia od umowy i Zwroty<\/strong><br>Zgodnie z Dyrektyw\u0105 UE dotycz\u0105c\u0105 praw konsumenta (2011\/83\/UE), nabywcy maj\u0105 prawo do odst\u0105pienia od umowy, kt\u00f3re likyneko.com przed\u0142u\u017cy\u0142o do 30 dni. Wszystkie zwroty s\u0105 na koszt kupuj\u0105cego. Zwracane produkty musz\u0105 by\u0107 w stanie nowym i w oryginalnym opakowaniu.<\/li>\n\n\n\n<li><strong>Gwarancja<\/strong><br>Produkty s\u0105 obj\u0119te ustawow\u0105 gwarancj\u0105.<\/li>\n\n\n\n<li><strong>W\u0142a\u015bciwy s\u0105d<\/strong><br>W przypadku wszelkich spor\u00f3w w\u0142a\u015bciwym s\u0105dem jest S\u0105d Handlowy w Grenoble.<\/li>\n\n\n\n<li><strong>Ochrona Danych Osobowych<\/strong><br>O ochronie danych osobowych informuje oddzielna strona, kt\u00f3ra b\u0119dzie dost\u0119pna po Warunkach Sprzeda\u017cy.<\/li>\n\n\n\n<li><strong>Prawa autorskie<\/strong><br>Tre\u015b\u0107 strony jest chroniona i nale\u017cy do Informatech SARL. Czy prawa autorskie mo\u017cna przypisa\u0107 marki Liky Neko?<\/li>\n\n\n\n<li><strong>Zmiany<\/strong><br>Te warunki mo\u017cna w dowolnym momencie zmieni\u0107 i aktualizowa\u0107.<\/li>\n<\/ol>\n\n\n\n<h2 class=\"wp-block-heading has-large-font-size\"><strong>Polityka prywatno\u015bci i ochrony danych osobowych<\/strong><\/h2>\n\n\n\n<p><strong>1. Wprowadzenie<\/strong><\/p>\n\n\n\n<p>Dla Informatech SARL ochrona Twoich danych osobowych jest najwy\u017cszym priorytetem. Ta polityka prywatno\u015bci opisuje, w jaki spos\u00f3b traktujemy Twoje dane osobowe podczas odwiedzania naszej strony internetowej likyneko.com.<\/p>\n\n\n\n<p><strong>2. Gromadzenie i wykorzystywanie danych osobowych<\/strong><\/p>\n\n\n\n<p>Dane osobowe, kt\u00f3re zbieramy, s\u0142u\u017c\u0105 wy\u0142\u0105cznie do przetwarzania Twojego zam\u00f3wienia. Obejmuje to Twoje imi\u0119 i nazwisko, adres, adres e-mail i numer telefonu.<\/p>\n\n\n\n<p>Niekt\u00f3re z tych informacji mog\u0105 by\u0107 przekazywane przewo\u017anikowi wy\u0142\u0105cznie w celu zapewnienia dostawy zam\u00f3wienia. Je\u015bli nie wyrazisz na to wyra\u017anej zgody, dane te nie b\u0119d\u0105 wykorzystywane w celach komercyjnych.<\/p>\n\n\n\n<p><strong>3. Pliki cookies<\/strong><\/p>\n\n\n\n<p>Nasza strona internetowa korzysta z plik\u00f3w cookie wy\u0142\u0105cznie w celu u\u0142atwienia nawigacji. Te pliki cookie nie s\u0105 analizowane ani dzielone si\u0119 nimi z osobami trzecimi.<\/p>\n\n\n\n<p><strong>4. Analiza i statystyki<\/strong><\/p>\n\n\n\n<p>Dane nawigacyjne s\u0105 przechowywane anonimowo na prywatnym serwerze nale\u017c\u0105cym do Informatech SARL i s\u0105 analizowane za pomoc\u0105 oprogramowania Matomo, alternatywy dla Google Analytics przyjaznej dla prywatno\u015bci.<\/p>\n\n\n\n<p><strong>5. Udost\u0119pnianie danych osobowych<\/strong><\/p>\n\n\n\n<p>Zobowi\u0105zujemy si\u0119 nie dzieli\u0107 si\u0119 Twoimi danymi osobowymi z osobami trzecimi, nie sprzedawa\u0107 ich ani nie przekazywa\u0107, z wyj\u0105tkiem powy\u017cszych cel\u00f3w przetwarzania zam\u00f3wienia.<\/p>\n\n\n\n<p><strong>6. Prawa u\u017cytkownik\u00f3w<\/strong><\/p>\n\n\n\n<p>Zgodnie z Og\u00f3lnym Rozporz\u0105dzeniem o Ochronie Danych (RODO) masz prawo dost\u0119pu, poprawiania i usuwania swoich danych osobowych. Niekt\u00f3re informacje niezb\u0119dne do ksi\u0119gowo\u015bci naszej firmy nie mog\u0105 jednak zosta\u0107 usuni\u0119te.<\/p>\n\n\n\n<p>Aby skorzysta\u0107 z tych praw, skontaktuj si\u0119 z nami pod adresem: <a href=\"mailto:contact@cqgclub.dyndns.org\">contact@cqgclub.dyndns.org<\/a>.<\/p>\n\n\n\n<p><strong>7. Bezpiecze\u0144stwo<\/strong><\/p>\n\n\n\n<p>Podejmujemy wszystkie niezb\u0119dne kroki, aby zapewni\u0107 bezpiecze\u0144stwo Twoich danych osobowych. Obejmuje to \u015brodki fizyczne, techniczne i administracyjne w celu zapobiegania nieautoryzowanemu dost\u0119powi, utracie lub nadu\u017cywaniu.<\/p>\n","protected":false},"excerpt":{"rendered":"<p>Informacja prawna WydawcaStrona likyneko.com jest wydawana przez:Informatech SARL7 rue de l&rsquo;\u00e9cureuil38130 ECHIROLLESSARL o kapitale 1 000 \u20acRC 498649813Telefon: +33621841586E-mail: contact@cqgclub.dyndns.orgOsob\u0105 odpowiedzialn\u0105 za publikacj\u0119 jest Pan ROBBE C\u00e9dric.Hostinglikyneko.com jest hostowany przez:Gandi63-65 boulevard Massena75013 Pary\u017cFrancja Og\u00f3lne Warunki Sprzeda\u017cy &#8211; Liky Neko Francuska wersja tych Og\u00f3lnych Warunk\u00f3w Sprzeda\u017cy jest wersj\u0105 oficjaln\u0105. W przypadku rozbie\u017cno\u015bci lub niejednoznaczno\u015bci obowi\u0105zuje wersja&hellip;<\/p>\n","protected":false},"author":1,"featured_media":0,"parent":0,"menu_order":0,"comment_status":"closed","ping_status":"closed","template":"","meta":{"footnotes":""},"class_list":["post-614","page","type-page","status-publish","hentry"],"lang":"pl","translations":{"pl":614,"en":606,"fr":599,"es":608,"de":610,"it":612,"nl":616,"cs":618,"sv":620,"tr":622},"pll_sync_post":[],"_links":{"self":[{"href":"https:\/\/cqgclub.dyndns.org\/likyneko\/wp-json\/wp\/v2\/pages\/614","targetHints":{"allow":["GET"]}}],"collection":[{"href":"https:\/\/cqgclub.dyndns.org\/likyneko\/wp-json\/wp\/v2\/pages"}],"about":[{"href":"https:\/\/cqgclub.dyndns.org\/likyneko\/wp-json\/wp\/v2\/types\/page"}],"author":[{"embeddable":true,"href":"https:\/\/cqgclub.dyndns.org\/likyneko\/wp-json\/wp\/v2\/users\/1"}],"replies":[{"embeddable":true,"href":"https:\/\/cqgclub.dyndns.org\/likyneko\/wp-json\/wp\/v2\/comments?post=614"}],"version-history":[{"count":1,"href":"https:\/\/cqgclub.dyndns.org\/likyneko\/wp-json\/wp\/v2\/pages\/614\/revisions"}],"predecessor-version":[{"id":615,"href":"https:\/\/cqgclub.dyndns.org\/likyneko\/wp-json\/wp\/v2\/pages\/614\/revisions\/615"}],"wp:attachment":[{"href":"https:\/\/cqgclub.dyndns.org\/likyneko\/wp-json\/wp\/v2\/media?parent=614"}],"curies":[{"name":"wp","href":"https:\/\/api.w.org\/{rel}","templated":true}]}}